{"id":6669,"date":"2018-08-03T08:06:05","date_gmt":"2018-08-02T22:06:05","guid":{"rendered":"https:\/\/labtechco.themestek.com\/?page_id=6669"},"modified":"2025-08-20T14:00:44","modified_gmt":"2025-08-20T04:00:44","slug":"about","status":"publish","type":"page","link":"https:\/\/experteducation.com\/colombia\/about\/","title":{"rendered":"Sobre nosotros"},"content":{"rendered":"<p>[vc_row themestek_responsive_css=&#8221;66659895|colbreak_no|||||||||colbreak_yes|||||||||colbreak_no||||||||||colbreak_no|||||||||&#8221; css=&#8221;.vc_custom_1645149014983{padding-bottom: 20px !important;}&#8221; el_id=&#8221;main-row&#8221;][vc_column]<div class=\"themestek-element-heading-wrapper themestek-heading-inner themestek-element-align-left themestek-seperator-none \"><section class=\"themestek-vc_cta3-container\"><div class=\"themestek-vc_general themestek-vc_cta3 themestek-cta3-only themestek-vc_cta3-style-classic themestek-vc_cta3-shape-rounded themestek-vc_cta3-align-left themestek-vc_cta3-color-transparent themestek-vc_cta3-icon-size-md themestek-vc_cta3-actions-no themestek-cta3-without-desc\"><div class=\"themestek-vc_cta3_content-container\"><div class=\"themestek-vc_cta3-content\"><div class=\"themestek-vc_cta3-content-header themestek-wrap\"><div class=\"themestek-vc_cta3-headers themestek-wrap-cell\"><h4 class=\"themestek-custom-heading \" >Our Motto<\/h4>\n<h2 class=\"themestek-custom-heading \" >Planifiquemos juntos tu carrera<\/h2>\n<\/div><\/div><\/div><\/div><\/div><\/section><\/div> <!-- .themestek-element-heading-wrapper container --> [vc_column_text]Expert Education and Visa Services es una agencia l\u00edder de asesor\u00eda en educaci\u00f3n y migraci\u00f3n con presencia global en 23+ pa\u00edses.<\/p>\n<p>Nos especializamos en brindar una amplia gama de servicios para estudiantes que buscan estudiar en Australia, desde asesoramiento hasta procesos de solicitud de visa. Trabajamos para dar la bienvenida a los estudiantes a Australia y ayudarlos a adaptarse a la vida australiana.<\/p>\n<p>Desde 2003, nuestro equipo de Agentes de Migraci\u00f3n Registrados, Consejeros Educativos Calificados, Consejeros de Carrera, Abogados y Especialistas en Impuestos ha brindado servicios integrales a m\u00e1s de <strong>150,000 estudiantes internacionales<\/strong>.<\/p>\n<p>Queremos ayudar a los estudiantes a tomar mejores decisiones y guiarlos en el logro de sus objetivos, ofreciendo opciones viables de estudio y orientaci\u00f3n profesional.[\/vc_column_text][\/vc_column][\/vc_row][vc_row equal_height=&#8221;yes&#8221; css=&#8221;.vc_custom_1645148842892{margin-bottom: 20px !important;padding-top: 0px !important;padding-bottom: 40px !important;}&#8221; themestek_responsive_css=&#8221;46552357|colbreak_no|||||||||colbreak_yes||||||10||10|colbreak_no||||||10||10||colbreak_no|||||||||&#8221;][vc_column width=&#8221;1\/4&#8243; css=&#8221;.vc_custom_1645148760626{padding-top: 20px !important;}&#8221;]<div class=\"themestek-ihbox themestek-ihbox-style-2 themestek-ihbox-itype-icon \">\r\n\t<div class=\"themestek-sbox-bgimage-layer themestek-bgimage-layer\"><\/div>\r\n\t<div class=\"themestek-ihbox-wrapper-bg-layer themestek-bg-layer\"><\/div>\r\n\t<div class=\"themestek-ihbox-inner\">\r\n\t\t<div class=\"themestek-ihbox-icon\">\r\n\t\t\t<div class=\"themestek-ihbox-icon-wrapper\"><i class=\"themestek-liviza-business-icon themestek-liviza-business-icon-meeting\"><\/i><\/div>\t\t<\/div>\r\n\t\t<div class=\"themestek-ihbox-contents\">\r\n\t\t\t<div class=\"themestek-vc_general themestek-vc_cta3 themestek-cta3-only themestek-vc_cta3-style-classic themestek-vc_cta3-shape-rounded themestek-vc_cta3-align-left themestek-vc_cta3-color-transparent themestek-vc_cta3-icon-size-md themestek-vc_cta3-actions-no themestek-cta3-without-desc\"><div class=\"themestek-vc_cta3_content-container\"><div class=\"themestek-vc_cta3-content\"><div class=\"themestek-vc_cta3-content-header themestek-wrap\"><div class=\"themestek-vc_cta3-headers themestek-wrap-cell\"><h2 style=\"font-size:24px\" class=\"themestek-custom-heading  wpb_animate_when_almost_visible wpb_zoomIn zoomIn stats-heading \">1500+<\/h2>\n<h4 style=\"font-size:16px;color:#334770\" class=\"themestek-custom-heading stats-subheading \">Miembros del equipo mundial<\/h4>\n<\/div><\/div><\/div><\/div><\/div>\t\t\t\t\t\t\t\t<\/div><!-- .themestek-ihbox-contents -->\r\n\t<\/div>\r\n<\/div>\r\n[\/vc_column][vc_column width=&#8221;1\/4&#8243; css=&#8221;.vc_custom_1645148766216{padding-top: 20px !important;}&#8221;]<div class=\"themestek-ihbox themestek-ihbox-style-2 themestek-ihbox-itype-icon \">\r\n\t<div class=\"themestek-sbox-bgimage-layer themestek-bgimage-layer\"><\/div>\r\n\t<div class=\"themestek-ihbox-wrapper-bg-layer themestek-bg-layer\"><\/div>\r\n\t<div class=\"themestek-ihbox-inner\">\r\n\t\t<div class=\"themestek-ihbox-icon\">\r\n\t\t\t<div class=\"themestek-ihbox-icon-wrapper\"><i class=\"themestek-liviza-business-icon themestek-liviza-business-icon-worker\"><\/i><\/div>\t\t<\/div>\r\n\t\t<div class=\"themestek-ihbox-contents\">\r\n\t\t\t<div class=\"themestek-vc_general themestek-vc_cta3 themestek-cta3-only themestek-vc_cta3-style-classic themestek-vc_cta3-shape-rounded themestek-vc_cta3-align-left themestek-vc_cta3-color-transparent themestek-vc_cta3-icon-size-md themestek-vc_cta3-actions-no themestek-cta3-without-desc\"><div class=\"themestek-vc_cta3_content-container\"><div class=\"themestek-vc_cta3-content\"><div class=\"themestek-vc_cta3-content-header themestek-wrap\"><div class=\"themestek-vc_cta3-headers themestek-wrap-cell\"><h2 style=\"font-size:24px\" class=\"themestek-custom-heading  wpb_animate_when_almost_visible wpb_zoomIn zoomIn stats-heading \">20+<\/h2>\n<h4 style=\"font-size:16px;color:#334770\" class=\"themestek-custom-heading stats-subheading \">Agentes de Migraci\u00f3n Registrados<\/h4>\n<\/div><\/div><\/div><\/div><\/div>\t\t\t\t\t\t\t\t<\/div><!-- .themestek-ihbox-contents -->\r\n\t<\/div>\r\n<\/div>\r\n[\/vc_column][vc_column width=&#8221;1\/4&#8243; css=&#8221;.vc_custom_1645148771287{padding-top: 20px !important;}&#8221;]<div class=\"themestek-ihbox themestek-ihbox-style-2 themestek-ihbox-itype-icon \">\r\n\t<div class=\"themestek-sbox-bgimage-layer themestek-bgimage-layer\"><\/div>\r\n\t<div class=\"themestek-ihbox-wrapper-bg-layer themestek-bg-layer\"><\/div>\r\n\t<div class=\"themestek-ihbox-inner\">\r\n\t\t<div class=\"themestek-ihbox-icon\">\r\n\t\t\t<div class=\"themestek-ihbox-icon-wrapper\"><i class=\"themestek-liviza-business-icon themestek-liviza-business-icon-resident\"><\/i><\/div>\t\t<\/div>\r\n\t\t<div class=\"themestek-ihbox-contents\">\r\n\t\t\t<div class=\"themestek-vc_general themestek-vc_cta3 themestek-cta3-only themestek-vc_cta3-style-classic themestek-vc_cta3-shape-rounded themestek-vc_cta3-align-left themestek-vc_cta3-color-transparent themestek-vc_cta3-icon-size-md themestek-vc_cta3-actions-no themestek-cta3-without-desc\"><div class=\"themestek-vc_cta3_content-container\"><div class=\"themestek-vc_cta3-content\"><div class=\"themestek-vc_cta3-content-header themestek-wrap\"><div class=\"themestek-vc_cta3-headers themestek-wrap-cell\"><h2 style=\"font-size:24px\" class=\"themestek-custom-heading  wpb_animate_when_almost_visible wpb_zoomIn zoomIn stats-heading \">80+<\/h2>\n<h4 style=\"font-size:16px;color:#334770\" class=\"themestek-custom-heading stats-subheading \">sucursales<\/h4>\n<\/div><\/div><\/div><\/div><\/div>\t\t\t\t\t\t\t\t<\/div><!-- .themestek-ihbox-contents -->\r\n\t<\/div>\r\n<\/div>\r\n[\/vc_column][vc_column width=&#8221;1\/4&#8243; css=&#8221;.vc_custom_1645148776134{padding-top: 20px !important;}&#8221;]<div class=\"themestek-ihbox themestek-ihbox-style-2 themestek-ihbox-itype-icon \">\r\n\t<div class=\"themestek-sbox-bgimage-layer themestek-bgimage-layer\"><\/div>\r\n\t<div class=\"themestek-ihbox-wrapper-bg-layer themestek-bg-layer\"><\/div>\r\n\t<div class=\"themestek-ihbox-inner\">\r\n\t\t<div class=\"themestek-ihbox-icon\">\r\n\t\t\t<div class=\"themestek-ihbox-icon-wrapper\"><i class=\"themestek-liviza-business-icon themestek-liviza-business-icon-university\"><\/i><\/div>\t\t<\/div>\r\n\t\t<div class=\"themestek-ihbox-contents\">\r\n\t\t\t<div class=\"themestek-vc_general themestek-vc_cta3 themestek-cta3-only themestek-vc_cta3-style-classic themestek-vc_cta3-shape-rounded themestek-vc_cta3-align-left themestek-vc_cta3-color-transparent themestek-vc_cta3-icon-size-md themestek-vc_cta3-actions-no themestek-cta3-without-desc\"><div class=\"themestek-vc_cta3_content-container\"><div class=\"themestek-vc_cta3-content\"><div class=\"themestek-vc_cta3-content-header themestek-wrap\"><div class=\"themestek-vc_cta3-headers themestek-wrap-cell\"><h2 style=\"font-size:24px\" class=\"themestek-custom-heading  wpb_animate_when_almost_visible wpb_zoomIn zoomIn stats-heading \">600+<\/h2>\n<h4 style=\"font-size:16px;color:#334770\" class=\"themestek-custom-heading stats-subheading \">Socios globales<\/h4>\n<\/div><\/div><\/div><\/div><\/div>\t\t\t\t\t\t\t\t<\/div><!-- .themestek-ihbox-contents -->\r\n\t<\/div>\r\n<\/div>\r\n[\/vc_column][\/vc_row][vc_row themestek_bgcolor=&#8221;grey&#8221; full_width=&#8221;stretch_row&#8221; css=&#8221;.vc_custom_1645163474472{padding-top: 60px !important;padding-bottom: 80px !important;}&#8221;][vc_column]<h3 style=\"text-align:left;color:#334770;\" class=\"themestek-custom-heading vc_custom_1682590579682\" >Obtenga opciones de estudio viables y asesoramiento profesional<\/h3>\n[vc_column_text]Estudiar en Australia es una oportunidad para pocos, \u00a1y nosotros nos aseguramos de que t\u00fa est\u00e9s entre ellos! Superamos los contratiempos y nos aseguramos de que recibas la orientaci\u00f3n adecuada para mejorar tus posibilidades de estudiar en el extranjero. Nuestro trabajo es equiparlo con los documentos necesarios que le permitan un viaje tranquilo a Australia desde su pa\u00eds de origen.<\/p>\n<p>Expert Education es una instituci\u00f3n l\u00edder que brinda asesoramiento honesto, confiable y aut\u00e9ntico sobre educaci\u00f3n y migraci\u00f3n. Somos un grupo que trabaja para agilizar todos los procesos, acortando la distancia entre usted y la instituci\u00f3n educativa deseada.<\/p>\n<p>Con nuestras m\u00faltiples oficinas en 23 pa\u00edses, hemos establecido una presencia global, brindando servicios de inmigraci\u00f3n y solicitud de visa de calidad a estudiantes de todo el mundo. Atendemos a solicitantes de muchos pa\u00edses, incluidos Nepal, India, Bangladesh, Sri Lanka, Filipinas, Hong Kong, Vietnam, Nigeria, Taiw\u00e1n y otros pa\u00edses.<\/p>\n<p>Nuestros servicios incluyen asesoramiento inicial sobre las perspectivas de estudios posteriores y la elecci\u00f3n de una instituci\u00f3n educativa adecuada a sus objetivos acad\u00e9micos. Tambi\u00e9n ayudamos con la presentaci\u00f3n de solicitudes de visa o viaje a Australia y brindamos asesoramiento sobre carreras, migraci\u00f3n o impuestos.<\/p>\n<p>En Expert Education, hay una oportunidad que espera a cada estudiante para ayudarlos a lograr sus objetivos de estudio y carrera en Australia.[\/vc_column_text]<div class=\"themestek-boxes themestek-boxes-static themestek-boxes-view-default themestek-boxes-static- themestek-boxes-col-two themestek-boxes-sortable- themestek-boxes-textalign-left themestek-boxes-sortablebutton- themestek-heading-position- mission-vision-box vc_custom_1682590739781\" data-themestek-headingpos=\"\" >\n\t\t<div class=\"themestek-boxes-inner themestek-boxes-static-inner \"><div class=\"row multi-columns-row themestek-boxes-row-wrapper box-shadow-2\"><div class=\"themestek-box-col-wrapper col-lg-6 col-sm-6 col-md-6 col-xs-12 \">\r\n\t\t\t\t\t\t<div class=\"themestek-static-box-wrapper themestek-boxes-feature-plans themestek-hover-style-2 themestek-box\">\r\n\t\t\t\t\t\t\t<div class=\"themestek-static-box-image\"> \r\n\t\t\t\t\t\t\t\t\r\n\t\t\t\t\t\t\t<\/div>\r\n\t\t\t\t\t\t\t<div class=\"themestek-static-box-content\" >\r\n\t\t\t\t\t\t\t\t<div class=\"themestek-box-title\"><h4>Nuestra misi\u00f3n<\/h4><\/div>\r\n\t\t\t\t\t\t\t\t<div class=\"themestek-static-box-desc\">Nuestra misi\u00f3n es brindar asesoramiento personalizado y apoyo a los estudiantes internacionales en todas las \u00e1reas m\u00e1s all\u00e1 de la educaci\u00f3n, capacit\u00e1ndolos para que tomen las mejores decisiones para su futuro.<\/div>\r\n\t\t\t\t\t\t\t<\/div>\r\n\t\t\t\t\t\t<\/div>\r\n\t\t\t\t\t\t<\/div><div class=\"themestek-box-col-wrapper col-lg-6 col-sm-6 col-md-6 col-xs-12 \">\r\n\t\t\t\t\t\t<div class=\"themestek-static-box-wrapper themestek-boxes-feature-plans themestek-hover-style-2 themestek-box\">\r\n\t\t\t\t\t\t\t<div class=\"themestek-static-box-image\"> \r\n\t\t\t\t\t\t\t\t\r\n\t\t\t\t\t\t\t<\/div>\r\n\t\t\t\t\t\t\t<div class=\"themestek-static-box-content\" >\r\n\t\t\t\t\t\t\t\t<div class=\"themestek-box-title\"><h4>Nuestra visi\u00f3n<\/h4><\/div>\r\n\t\t\t\t\t\t\t\t<div class=\"themestek-static-box-desc\">Nuestra visi\u00f3n es ayudar a los estudiantes internacionales a lograr sus objetivos de estudio en el extranjero y guiarlos para que alcancen sus objetivos profesionales para crear un futuro brillante.<\/div>\r\n\t\t\t\t\t\t\t<\/div>\r\n\t\t\t\t\t\t<\/div>\r\n\t\t\t\t\t\t<\/div><\/div><!-- .row multi-columns-row themestek-boxes-row-wrapper -->  <\/div><!-- .themestek-boxes-inner -->   <\/div><!-- .themestek-boxes -->  [\/vc_column][\/vc_row][vc_row themestek_bgcolor=&#8221;skincolor&#8221; full_width=&#8221;stretch_row&#8221; content_placement=&#8221;middle&#8221; css=&#8221;.vc_custom_1645163468048{padding-top: 110px !important;padding-bottom: 80px !important;background-position: center !important;background-repeat: no-repeat !important;background-size: cover !important;}&#8221; el_class=&#8221;themestek-bg-pattarn-3&#8243; themestek_responsive_css=&#8221;67174189|colbreak_no||||||15||15|colbreak_yes|||||||||colbreak_no||||||||||colbreak_no|||||||||&#8221;][vc_column width=&#8221;2\/3&#8243;]<div class=\"themestek-element-heading-wrapper themestek-heading-inner themestek-element-align-left themestek-seperator-none \"><section class=\"themestek-vc_cta3-container\"><div class=\"themestek-vc_general themestek-vc_cta3 themestek-cta3-only themestek-vc_cta3-style-classic themestek-vc_cta3-shape-rounded themestek-vc_cta3-align-left themestek-vc_cta3-color-transparent themestek-vc_cta3-icon-size-md themestek-vc_cta3-actions-no themestek-cta3-without-desc\"><div class=\"themestek-vc_cta3_content-container\"><div class=\"themestek-vc_cta3-content\"><div class=\"themestek-vc_cta3-content-header themestek-wrap\"><div class=\"themestek-vc_cta3-headers themestek-wrap-cell\"><h2 class=\"themestek-custom-heading \" >Ingresa hoy a la universidad de tus sue\u00f1os<\/h2>\n<h4 style=\"font-size:16px;color:#ffffff;\" class=\"themestek-custom-heading call-to-action-p \" >Obtenga asesoramiento de expertos sobre la elecci\u00f3n de instituciones educativas, becas, alojamiento y m\u00e1s.<\/h4>\n<\/div><\/div><\/div><\/div><\/div><\/section><\/div> <!-- .themestek-element-heading-wrapper container --> [\/vc_column][vc_column width=&#8221;1\/3&#8243;]\r\n\t\t<div class=\"themestek-vc_btn3-container  wpb_animate_when_almost_visible wpb_ wpb_animate_when_almost_visible wpb_fadeInRight fadeInRight  wpb_animate_when_almost_visible wpb_fadeInRight fadeInRight themestek-vc_btn3-inline vc_custom_1682920425518\"><a onmouseleave=\"this.style.borderColor='#ffffff'; this.style.backgroundColor='transparent'; this.style.color='#ffffff'\" onmouseenter=\"this.style.borderColor='#344871'; this.style.backgroundColor='#344871'; this.style.color='#ffffff';\" style=\"border-color:#ffffff; color:#ffffff;\" class=\"themestek-vc_general themestek-vc_btn3 themestek-vc_btn3-size-lg themestek-vc_btn3-shape-rounded themestek-vc_btn3-style-outline-custom themestek-vc_btn3-weight-yes themestek-vc_btn3-icon-right\" href=\"https:\/\/experteducation.com\/colombia\/contact-us\" title=\"Contact\"><span>Ver ahora <i class=\"themestek-vc_btn3-icon themifyicon ti-arrow-right\"><\/i><\/span><\/a><\/div>[\/vc_column][\/vc_row]<\/p>\n","protected":false},"excerpt":{"rendered":"<p>[vc_row themestek_responsive_css=&#8221;66659895|colbreak_no|||||||||colbreak_yes|||||||||colbreak_no||||||||||colbreak_no|||||||||&#8221; css=&#8221;.vc_custom_1645149014983{padding-bottom: 20px !important;}&#8221; el_id=&#8221;main-row&#8221;][vc_column][vc_column_text]Expert Education and Visa Services es una agencia l\u00edder de asesor\u00eda en educaci\u00f3n y migraci\u00f3n con presencia global en 23+ pa\u00edses. Nos especializamos en brindar &hellip; <a href=\"https:\/\/experteducation.com\/colombia\/about\/\" class=\"more-link\">Continue reading <span class=\"screen-reader-text\">Sobre nosotros<\/span><\/a><\/p>\n","protected":false},"author":1,"featured_media":0,"parent":0,"menu_order":7,"comment_status":"closed","ping_status":"closed","template":"","meta":{"_monsterinsights_skip_tracking":false,"_monsterinsights_sitenote_active":false,"_monsterinsights_sitenote_note":"","_monsterinsights_sitenote_category":0,"footnotes":""},"class_list":["post-6669","page","type-page","status-publish","hentry"],"yoast_head":"<!-- This site is optimized with the Yoast SEO Premium plugin v18.7 (Yoast SEO v23.4) - https:\/\/yoast.com\/wordpress\/plugins\/seo\/ -->\n<title>About Us - Expert Education<\/title>\n<meta name=\"description\" content=\"Expert Education is a Leading Education and Migration Consulting Institution with a global presence in 23 countries. We provide honest, credible, and authentic counseling services for studying in Australia, Canada, the US, and the UK\" \/>\n<meta name=\"robots\" content=\"index, follow, max-snippet:-1, max-image-preview:large, max-video-preview:-1\" \/>\n<link rel=\"canonical\" href=\"https:\/\/experteducation.com\/colombia\/about\/\" \/>\n<meta property=\"og:locale\" content=\"en_US\" \/>\n<meta property=\"og:type\" content=\"article\" \/>\n<meta property=\"og:title\" content=\"Sobre nosotros\" \/>\n<meta property=\"og:description\" content=\"Expert Education is a Leading Education and Migration Consulting Institution with a global presence in 23 countries. We provide honest, credible, and authentic counseling services for studying in Australia, Canada, the US, and the UK\" \/>\n<meta property=\"og:url\" content=\"https:\/\/experteducation.com\/colombia\/about\/\" \/>\n<meta property=\"og:site_name\" content=\"Expert Education Colombia\" \/>\n<meta property=\"article:publisher\" content=\"https:\/\/www.facebook.com\/ExpertEducationandVisaServices\" \/>\n<meta property=\"article:modified_time\" content=\"2025-08-20T04:00:44+00:00\" \/>\n<meta property=\"og:image\" content=\"https:\/\/cdn.experteducation.com\/wp-content\/uploads\/sites\/13\/2021\/04\/20175251\/expert_new_logo_vertical.png\" \/>\n\t<meta property=\"og:image:width\" content=\"400\" \/>\n\t<meta property=\"og:image:height\" content=\"400\" \/>\n\t<meta property=\"og:image:type\" content=\"image\/png\" \/>\n<meta name=\"twitter:card\" content=\"summary_large_image\" \/>\n<meta name=\"twitter:site\" content=\"@expertsydney\" \/>\n<meta name=\"twitter:label1\" content=\"Est. reading time\" \/>\n\t<meta name=\"twitter:data1\" content=\"3 minutes\" \/>\n<script type=\"application\/ld+json\" class=\"yoast-schema-graph\">{\"@context\":\"https:\/\/schema.org\",\"@graph\":[{\"@type\":\"WebPage\",\"@id\":\"https:\/\/experteducation.com\/colombia\/about\/\",\"url\":\"https:\/\/experteducation.com\/colombia\/about\/\",\"name\":\"About Us - Expert Education\",\"isPartOf\":{\"@id\":\"https:\/\/experteducation.com\/colombia\/#website\"},\"datePublished\":\"2018-08-02T22:06:05+00:00\",\"dateModified\":\"2025-08-20T04:00:44+00:00\",\"description\":\"Expert Education is a Leading Education and Migration Consulting Institution with a global presence in 23 countries. We provide honest, credible, and authentic counseling services for studying in Australia, Canada, the US, and the UK\",\"breadcrumb\":{\"@id\":\"https:\/\/experteducation.com\/colombia\/about\/#breadcrumb\"},\"inLanguage\":\"en-US\",\"potentialAction\":[{\"@type\":\"ReadAction\",\"target\":[\"https:\/\/experteducation.com\/colombia\/about\/\"]}]},{\"@type\":\"BreadcrumbList\",\"@id\":\"https:\/\/experteducation.com\/colombia\/about\/#breadcrumb\",\"itemListElement\":[{\"@type\":\"ListItem\",\"position\":1,\"name\":\"Home\",\"item\":\"https:\/\/experteducation.com\/colombia\/\"},{\"@type\":\"ListItem\",\"position\":2,\"name\":\"Sobre nosotros\"}]},{\"@type\":\"WebSite\",\"@id\":\"https:\/\/experteducation.com\/colombia\/#website\",\"url\":\"https:\/\/experteducation.com\/colombia\/\",\"name\":\"Expert Education Colombia\",\"description\":\"Rely on Experts\",\"publisher\":{\"@id\":\"https:\/\/experteducation.com\/colombia\/#organization\"},\"potentialAction\":[{\"@type\":\"SearchAction\",\"target\":{\"@type\":\"EntryPoint\",\"urlTemplate\":\"https:\/\/experteducation.com\/colombia\/?s={search_term_string}\"},\"query-input\":{\"@type\":\"PropertyValueSpecification\",\"valueRequired\":true,\"valueName\":\"search_term_string\"}}],\"inLanguage\":\"en-US\"},{\"@type\":\"Organization\",\"@id\":\"https:\/\/experteducation.com\/colombia\/#organization\",\"name\":\"Expert Education and Visa Services\",\"url\":\"https:\/\/experteducation.com\/colombia\/\",\"logo\":{\"@type\":\"ImageObject\",\"inLanguage\":\"en-US\",\"@id\":\"https:\/\/experteducation.com\/colombia\/#\/schema\/logo\/image\/\",\"url\":\"https:\/\/experteducation.com\/brazil\/wp-content\/uploads\/sites\/13\/2020\/07\/expert-education-and-visa-services.png\",\"contentUrl\":\"https:\/\/experteducation.com\/brazil\/wp-content\/uploads\/sites\/13\/2020\/07\/expert-education-and-visa-services.png\",\"width\":1140,\"height\":220,\"caption\":\"Expert Education and Visa Services\"},\"image\":{\"@id\":\"https:\/\/experteducation.com\/colombia\/#\/schema\/logo\/image\/\"},\"sameAs\":[\"https:\/\/www.facebook.com\/ExpertEducationandVisaServices\",\"https:\/\/x.com\/expertsydney\",\"https:\/\/www.instagram.com\/expert.sydney\/\",\"https:\/\/www.linkedin.com\/company\/expert-education-visa-services\",\"https:\/\/www.youtube.com\/channel\/UCiR8aiaTMsFeEk9JDuTdTZg\"]}]}<\/script>\n<!-- \/ Yoast SEO Premium plugin. -->","yoast_head_json":{"title":"About Us - Expert Education","description":"Expert Education is a Leading Education and Migration Consulting Institution with a global presence in 23 countries. We provide honest, credible, and authentic counseling services for studying in Australia, Canada, the US, and the UK","robots":{"index":"index","follow":"follow","max-snippet":"max-snippet:-1","max-image-preview":"max-image-preview:large","max-video-preview":"max-video-preview:-1"},"canonical":"https:\/\/experteducation.com\/colombia\/about\/","og_locale":"en_US","og_type":"article","og_title":"Sobre nosotros","og_description":"Expert Education is a Leading Education and Migration Consulting Institution with a global presence in 23 countries. We provide honest, credible, and authentic counseling services for studying in Australia, Canada, the US, and the UK","og_url":"https:\/\/experteducation.com\/colombia\/about\/","og_site_name":"Expert Education Colombia","article_publisher":"https:\/\/www.facebook.com\/ExpertEducationandVisaServices","article_modified_time":"2025-08-20T04:00:44+00:00","og_image":[{"width":400,"height":400,"url":"https:\/\/cdn.experteducation.com\/wp-content\/uploads\/sites\/13\/2021\/04\/20175251\/expert_new_logo_vertical.png","type":"image\/png"}],"twitter_card":"summary_large_image","twitter_site":"@expertsydney","twitter_misc":{"Est. reading time":"3 minutes"},"schema":{"@context":"https:\/\/schema.org","@graph":[{"@type":"WebPage","@id":"https:\/\/experteducation.com\/colombia\/about\/","url":"https:\/\/experteducation.com\/colombia\/about\/","name":"About Us - Expert Education","isPartOf":{"@id":"https:\/\/experteducation.com\/colombia\/#website"},"datePublished":"2018-08-02T22:06:05+00:00","dateModified":"2025-08-20T04:00:44+00:00","description":"Expert Education is a Leading Education and Migration Consulting Institution with a global presence in 23 countries. We provide honest, credible, and authentic counseling services for studying in Australia, Canada, the US, and the UK","breadcrumb":{"@id":"https:\/\/experteducation.com\/colombia\/about\/#breadcrumb"},"inLanguage":"en-US","potentialAction":[{"@type":"ReadAction","target":["https:\/\/experteducation.com\/colombia\/about\/"]}]},{"@type":"BreadcrumbList","@id":"https:\/\/experteducation.com\/colombia\/about\/#breadcrumb","itemListElement":[{"@type":"ListItem","position":1,"name":"Home","item":"https:\/\/experteducation.com\/colombia\/"},{"@type":"ListItem","position":2,"name":"Sobre nosotros"}]},{"@type":"WebSite","@id":"https:\/\/experteducation.com\/colombia\/#website","url":"https:\/\/experteducation.com\/colombia\/","name":"Expert Education Colombia","description":"Rely on Experts","publisher":{"@id":"https:\/\/experteducation.com\/colombia\/#organization"},"potentialAction":[{"@type":"SearchAction","target":{"@type":"EntryPoint","urlTemplate":"https:\/\/experteducation.com\/colombia\/?s={search_term_string}"},"query-input":{"@type":"PropertyValueSpecification","valueRequired":true,"valueName":"search_term_string"}}],"inLanguage":"en-US"},{"@type":"Organization","@id":"https:\/\/experteducation.com\/colombia\/#organization","name":"Expert Education and Visa Services","url":"https:\/\/experteducation.com\/colombia\/","logo":{"@type":"ImageObject","inLanguage":"en-US","@id":"https:\/\/experteducation.com\/colombia\/#\/schema\/logo\/image\/","url":"https:\/\/experteducation.com\/brazil\/wp-content\/uploads\/sites\/13\/2020\/07\/expert-education-and-visa-services.png","contentUrl":"https:\/\/experteducation.com\/brazil\/wp-content\/uploads\/sites\/13\/2020\/07\/expert-education-and-visa-services.png","width":1140,"height":220,"caption":"Expert Education and Visa Services"},"image":{"@id":"https:\/\/experteducation.com\/colombia\/#\/schema\/logo\/image\/"},"sameAs":["https:\/\/www.facebook.com\/ExpertEducationandVisaServices","https:\/\/x.com\/expertsydney","https:\/\/www.instagram.com\/expert.sydney\/","https:\/\/www.linkedin.com\/company\/expert-education-visa-services","https:\/\/www.youtube.com\/channel\/UCiR8aiaTMsFeEk9JDuTdTZg"]}]}},"jetpack_sharing_enabled":true,"_links":{"self":[{"href":"https:\/\/experteducation.com\/colombia\/wp-json\/wp\/v2\/pages\/6669"}],"collection":[{"href":"https:\/\/experteducation.com\/colombia\/wp-json\/wp\/v2\/pages"}],"about":[{"href":"https:\/\/experteducation.com\/colombia\/wp-json\/wp\/v2\/types\/page"}],"author":[{"embeddable":true,"href":"https:\/\/experteducation.com\/colombia\/wp-json\/wp\/v2\/users\/1"}],"replies":[{"embeddable":true,"href":"https:\/\/experteducation.com\/colombia\/wp-json\/wp\/v2\/comments?post=6669"}],"version-history":[{"count":2,"href":"https:\/\/experteducation.com\/colombia\/wp-json\/wp\/v2\/pages\/6669\/revisions"}],"predecessor-version":[{"id":18934,"href":"https:\/\/experteducation.com\/colombia\/wp-json\/wp\/v2\/pages\/6669\/revisions\/18934"}],"wp:attachment":[{"href":"https:\/\/experteducation.com\/colombia\/wp-json\/wp\/v2\/media?parent=6669"}],"curies":[{"name":"wp","href":"https:\/\/api.w.org\/{rel}","templated":true}]}}