{"id":14134,"date":"2020-07-13T00:18:40","date_gmt":"2020-07-12T14:18:40","guid":{"rendered":"https:\/\/experteducation.com\/vietnam\/?page_id=14134"},"modified":"2025-11-30T16:09:03","modified_gmt":"2025-11-30T09:09:03","slug":"thong-diep-tu-giam-doc-dieu-hanh","status":"publish","type":"page","link":"https:\/\/experteducation.com\/vietnam\/gioi-thieu\/thong-diep-tu-giam-doc-dieu-hanh\/","title":{"rendered":"Th\u00f4ng \u0110i\u1ec7p T\u1eeb Gi\u00e1m \u0110\u1ed1c \u0110i\u1ec1u H\u00e0nh"},"content":{"rendered":"<p>[vc_row equal_height=&#8221;yes&#8221; content_placement=&#8221;middle&#8221;][vc_column width=&#8221;1\/2&#8243;][vc_single_image image=&#8221;20201&#8243; img_size=&#8221;full&#8221; alignment=&#8221;center&#8221; style=&#8221;vc_box_rounded&#8221; css=&#8221;.vc_custom_1682303885349{margin-top: 30px !important;}&#8221;][\/vc_column][vc_column width=&#8221;1\/2&#8243; css=&#8221;.vc_custom_1594600152280{margin-top: 50px !important;}&#8221;][vc_column_text]<\/p>\n<p style=\"text-align: justify\"><em>Ch\u00e0o m\u1eebng b\u1ea1n \u0111\u1ebfn v\u1edbi EEVS Vietnam (Expert Education) &#8211; C\u00f4ng ty t\u01b0 v\u1ea5n gi\u1ea3i ph\u00e1p gi\u00e1o d\u1ee5c to\u00e0n di\u1ec7n h\u00e0ng \u0111\u1ea7u cho sinh vi\u00ean qu\u1ed1c t\u1ebf \u0111\u1ebfn h\u1ecdc t\u1eadp v\u00e0 sinh s\u1ed1ng t\u1ea1i \u00dac. T\u1ea1i EEVS, ch\u00fang t\u00f4i li\u00ean t\u1ee5c c\u1ed1 g\u1eafng cung c\u1ea5p d\u1ecbch v\u1ee5 t\u01b0 v\u1ea5n uy t\u00edn v\u00e0 \u0111\u00e1ng tin c\u1eady cho sinh vi\u00ean t\u1eeb kh\u1eafp n\u01a1i tr\u00ean th\u1ebf gi\u1edbi \u0111\u1ec3 gi\u00fap h\u1ecd ph\u00e1t tri\u1ec3n h\u01a1n n\u1eefa trong h\u1ecdc t\u1eadp v\u00e0 <a href=\"https:\/\/experteducation.com\/australia\/\"><strong>ngh\u1ec1 nghi\u1ec7p t\u1ea1i \u00dac<\/strong><\/a>. Trong \u0111\u00f3, ch\u00fang t\u00f4i lu\u00f4n l\u1ea5y l\u1ee3i \u00edch v\u00e0 s\u1ef1 h\u00e0i l\u00f2ng c\u1ee7a kh\u00e1ch h\u00e0ng l\u00e0m tr\u1ecdng t\u00e2m.<\/em><\/p>\n<p style=\"text-align: justify\">EEVS Vietnam \u0111\u1ec1 cao tinh th\u1ea7n minh b\u1ea1ch v\u00e0 tin c\u1eady trong t\u1ea5t c\u1ea3 c\u00e1c d\u1ecbch v\u1ee5 \u0111\u01b0\u1ee3c cung c\u1ea5p t\u1eeb c\u00e1c v\u0103n ph\u00f2ng to\u00e0n c\u1ea7u c\u1ee7a ch\u00fang t\u00f4i tr\u1ea3i d\u00e0i t\u1ea1i 20 qu\u1ed1c gia. Ch\u00ednh tinh th\u1ea7n n\u00e0y \u0111\u00e3 gi\u00fap ch\u00fang t\u00f4i nh\u1eadn \u0111\u01b0\u1ee3c s\u1ef1 t\u00f4n tr\u1ecdng v\u00e0 \u0111\u00e1nh gi\u00e1 cao t\u1eeb h\u01a1n 100.000 kh\u00e1ch h\u00e0ng m\u00e0 ch\u00fang t\u00f4i \u0111\u00e3 h\u1ed7 tr\u1ee3 trong nh\u1eefng n\u0103m qua v\u00e0 kh\u1eb3ng \u0111\u1ecbnh th\u00eam v\u1ecb th\u1ebf chuy\u00ean gia h\u00e0ng \u0111\u1ea7u trong ng\u00e0nh.<\/p>\n<p style=\"text-align: justify\">\u0110\u01b0\u1ee3c th\u00fac \u0111\u1ea9y b\u1edfi \u0111am m\u00ea v\u00e0 mong mu\u1ed1n h\u1ed7 tr\u1ee3 sinh vi\u00ean qu\u1ed1c t\u1ebf ch\u00e2n ch\u00ednh l\u1ef1a ch\u1ecdn c\u00e1c kh\u00f3a h\u1ecdc chuy\u00ean nghi\u1ec7p, \u0111\u0103ng k\u00fd v\u00e0o c\u00e1c c\u01a1 s\u1edf gi\u00e1o d\u1ee5c \u0111\u1eb3ng c\u1ea5p th\u1ebf gi\u1edbi v\u00e0 th\u00fac \u0111\u1ea9y tham v\u1ecdng ngh\u1ec1 nghi\u1ec7p c\u1ee7a c\u00e1c sinh vi\u00ean, ch\u00fang t\u00f4i \u0111\u00e3 m\u1edf r\u1ed9ng danh m\u1ee5c c\u1ee7a m\u00ecnh \u0111\u1ec3 bao qu\u00e1t h\u1ebft t\u1ea5t c\u1ea3 c\u00e1c d\u1ecbch v\u1ee5 m\u00e0 m\u1ed9t sinh vi\u00ean qu\u1ed1c t\u1ebf c\u00f3 th\u1ec3 y\u00eau c\u1ea7u khi \u0111ang h\u1ecdc t\u1eadp v\u00e0 sinh s\u1ed1ng t\u1ea1i \u00dac.<\/p>\n<p>[\/vc_column_text][vc_column_text]Ch\u00fang t\u00f4i mu\u1ed1n b\u00e0y t\u1ecf l\u00f2ng bi\u1ebft \u01a1n t\u1edbi t\u1ea5t c\u1ea3 c\u00e1c kh\u00e1ch h\u00e0ng, nh\u1eefng ng\u01b0\u1eddi h\u1ed7 tr\u1ee3 v\u00e0 c\u00e1c t\u1ed5 ch\u1ee9c \u0111\u1ed1i t\u00e1c c\u1ee7a ch\u00fang t\u00f4i t\u1ea1i \u00dac v\u00e0 tr\u00ean to\u00e0n th\u1ebf gi\u1edbi \u0111\u00e3 \u0111\u00e1nh gi\u00e1 cao c\u00e1c gi\u00e1 tr\u1ecb v\u00e0 l\u00e0 m\u1ed9t ph\u1ea7n trong s\u1ee9 m\u1ec7nh c\u1ee7a ch\u00fang t\u00f4i. Ch\u00fang t\u00f4i c\u0169ng \u0111\u1ea3m b\u1ea3o v\u1edbi sinh vi\u00ean v\u00e0 c\u00e1c \u0111\u1ed1i t\u00e1c c\u1ee7a m\u00ecnh r\u1eb1ng ch\u00fang t\u00f4i s\u1ebd ti\u1ebfp t\u1ee5c c\u1ed1 g\u1eafng \u0111\u1ec3 gi\u1eef v\u1eefng cam k\u1ebft c\u1ee7a m\u00ecnh trong vi\u1ec7c gi\u00fap c\u00e1c b\u1ea1n sinh vi\u00ean ti\u1ec1m n\u0103ng c\u00f3 th\u1ec3 ti\u1ebfp c\u1eadn n\u1ec1n gi\u00e1o d\u1ee5c \u00dac m\u1ed9t c\u00e1ch d\u1ec5 d\u00e0ng h\u01a1n.[\/vc_column_text][vc_column_text]<strong>Regards,<\/strong><br \/>\n<strong>Badri Aryal<\/strong>[\/vc_column_text][\/vc_column][\/vc_row]<\/p>\n","protected":false},"excerpt":{"rendered":"<p>[vc_row equal_height=&#8221;yes&#8221; content_placement=&#8221;middle&#8221;][vc_column width=&#8221;1\/2&#8243;][vc_single_image image=&#8221;20201&#8243; img_size=&#8221;full&#8221; alignment=&#8221;center&#8221; style=&#8221;vc_box_rounded&#8221; css=&#8221;.vc_custom_1682303885349{margin-top: 30px !important;}&#8221;][\/vc_column][vc_column width=&#8221;1\/2&#8243; css=&#8221;.vc_custom_1594600152280{margin-top: 50px !important;}&#8221;][vc_column_text] Ch\u00e0o m\u1eebng b\u1ea1n \u0111\u1ebfn v\u1edbi EEVS Vietnam (Expert Education) &#8211; C\u00f4ng ty t\u01b0 v\u1ea5n gi\u1ea3i &hellip; <a href=\"https:\/\/experteducation.com\/vietnam\/gioi-thieu\/thong-diep-tu-giam-doc-dieu-hanh\/\" class=\"more-link\">Continue reading <span class=\"screen-reader-text\">Th\u00f4ng \u0110i\u1ec7p T\u1eeb Gi\u00e1m \u0110\u1ed1c \u0110i\u1ec1u H\u00e0nh<\/span><\/a><\/p>\n","protected":false},"author":1,"featured_media":0,"parent":6669,"menu_order":7,"comment_status":"closed","ping_status":"closed","template":"","meta":{"_monsterinsights_skip_tracking":false,"_monsterinsights_sitenote_active":false,"_monsterinsights_sitenote_note":"","_monsterinsights_sitenote_category":0,"footnotes":""},"class_list":["post-14134","page","type-page","status-publish","hentry"],"yoast_head":"<!-- This site is optimized with the Yoast SEO Premium plugin v18.7 (Yoast SEO v23.4) - https:\/\/yoast.com\/wordpress\/plugins\/seo\/ -->\n<title>Message from Director - Expert Education<\/title>\n<meta name=\"description\" content=\"At Expert Education Australia, we continuously strive to provide credible and trustworthy counselling to students from all over the world to help them further their academic and professional growth.\" \/>\n<meta name=\"robots\" content=\"index, follow, max-snippet:-1, max-image-preview:large, max-video-preview:-1\" \/>\n<link rel=\"canonical\" href=\"https:\/\/experteducation.com\/vietnam\/gioi-thieu\/thong-diep-tu-giam-doc-dieu-hanh\/\" \/>\n<meta property=\"og:locale\" content=\"en_US\" \/>\n<meta property=\"og:type\" content=\"article\" \/>\n<meta property=\"og:title\" content=\"Th\u00f4ng \u0110i\u1ec7p T\u1eeb Gi\u00e1m \u0110\u1ed1c \u0110i\u1ec1u H\u00e0nh\" \/>\n<meta property=\"og:description\" content=\"At Expert Education Australia, we continuously strive to provide credible and trustworthy counselling to students from all over the world to help them further their academic and professional growth.\" \/>\n<meta property=\"og:url\" content=\"https:\/\/experteducation.com\/vietnam\/gioi-thieu\/thong-diep-tu-giam-doc-dieu-hanh\/\" \/>\n<meta property=\"og:site_name\" content=\"Expert Education\" \/>\n<meta property=\"article:publisher\" content=\"https:\/\/www.facebook.com\/EEVSVietNam1\" \/>\n<meta property=\"article:modified_time\" content=\"2025-11-30T09:09:03+00:00\" \/>\n<meta property=\"og:image\" content=\"https:\/\/cdn.experteducation.com\/wp-content\/uploads\/sites\/12\/2021\/03\/20144234\/Expert-Logo_Primary-Logo-1-e1615515117209.png\" \/>\n\t<meta property=\"og:image:width\" content=\"3771\" \/>\n\t<meta property=\"og:image:height\" content=\"1116\" \/>\n\t<meta property=\"og:image:type\" content=\"image\/png\" \/>\n<meta name=\"twitter:card\" content=\"summary_large_image\" \/>\n<meta name=\"twitter:label1\" content=\"Est. reading time\" \/>\n\t<meta name=\"twitter:data1\" content=\"2 minutes\" \/>\n<script type=\"application\/ld+json\" class=\"yoast-schema-graph\">{\"@context\":\"https:\/\/schema.org\",\"@graph\":[{\"@type\":\"WebPage\",\"@id\":\"https:\/\/experteducation.com\/vietnam\/gioi-thieu\/thong-diep-tu-giam-doc-dieu-hanh\/\",\"url\":\"https:\/\/experteducation.com\/vietnam\/gioi-thieu\/thong-diep-tu-giam-doc-dieu-hanh\/\",\"name\":\"Message from Director - Expert Education\",\"isPartOf\":{\"@id\":\"https:\/\/experteducation.com\/vietnam\/#website\"},\"datePublished\":\"2020-07-12T14:18:40+00:00\",\"dateModified\":\"2025-11-30T09:09:03+00:00\",\"description\":\"At Expert Education Australia, we continuously strive to provide credible and trustworthy counselling to students from all over the world to help them further their academic and professional growth.\",\"breadcrumb\":{\"@id\":\"https:\/\/experteducation.com\/vietnam\/gioi-thieu\/thong-diep-tu-giam-doc-dieu-hanh\/#breadcrumb\"},\"inLanguage\":\"en-US\",\"potentialAction\":[{\"@type\":\"ReadAction\",\"target\":[\"https:\/\/experteducation.com\/vietnam\/gioi-thieu\/thong-diep-tu-giam-doc-dieu-hanh\/\"]}]},{\"@type\":\"BreadcrumbList\",\"@id\":\"https:\/\/experteducation.com\/vietnam\/gioi-thieu\/thong-diep-tu-giam-doc-dieu-hanh\/#breadcrumb\",\"itemListElement\":[{\"@type\":\"ListItem\",\"position\":1,\"name\":\"Home\",\"item\":\"https:\/\/experteducation.com\/vietnam\/\"},{\"@type\":\"ListItem\",\"position\":2,\"name\":\"Gi\u1edbi thi\u1ec7u\",\"item\":\"https:\/\/experteducation.com\/vietnam\/gioi-thieu\/\"},{\"@type\":\"ListItem\",\"position\":3,\"name\":\"Th\u00f4ng \u0110i\u1ec7p T\u1eeb Gi\u00e1m \u0110\u1ed1c \u0110i\u1ec1u H\u00e0nh\"}]},{\"@type\":\"WebSite\",\"@id\":\"https:\/\/experteducation.com\/vietnam\/#website\",\"url\":\"https:\/\/experteducation.com\/vietnam\/\",\"name\":\"Expert Education\",\"description\":\"Rely on Experts\",\"publisher\":{\"@id\":\"https:\/\/experteducation.com\/vietnam\/#organization\"},\"potentialAction\":[{\"@type\":\"SearchAction\",\"target\":{\"@type\":\"EntryPoint\",\"urlTemplate\":\"https:\/\/experteducation.com\/vietnam\/?s={search_term_string}\"},\"query-input\":{\"@type\":\"PropertyValueSpecification\",\"valueRequired\":true,\"valueName\":\"search_term_string\"}}],\"inLanguage\":\"en-US\"},{\"@type\":\"Organization\",\"@id\":\"https:\/\/experteducation.com\/vietnam\/#organization\",\"name\":\"Expert Education and Visa Services\",\"url\":\"https:\/\/experteducation.com\/vietnam\/\",\"logo\":{\"@type\":\"ImageObject\",\"inLanguage\":\"en-US\",\"@id\":\"https:\/\/experteducation.com\/vietnam\/#\/schema\/logo\/image\/\",\"url\":\"https:\/\/experteducation.com\/vietnam\/wp-content\/uploads\/sites\/12\/2021\/05\/Expert_Primary-Logo-e1615787957750-3.png\",\"contentUrl\":\"https:\/\/experteducation.com\/vietnam\/wp-content\/uploads\/sites\/12\/2021\/05\/Expert_Primary-Logo-e1615787957750-3.png\",\"width\":1200,\"height\":346,\"caption\":\"Expert Education and Visa Services\"},\"image\":{\"@id\":\"https:\/\/experteducation.com\/vietnam\/#\/schema\/logo\/image\/\"},\"sameAs\":[\"https:\/\/www.facebook.com\/EEVSVietNam1\",\"https:\/\/www.instagram.com\/eevsvietnam\/\",\"https:\/\/www.linkedin.com\/company\/eevsvietnam\/\",\"https:\/\/www.youtube.com\/@eevsvietnam\",\"https:\/\/www.tiktok.com\/@eevsvietnam\"]}]}<\/script>\n<!-- \/ Yoast SEO Premium plugin. -->","yoast_head_json":{"title":"Message from Director - Expert Education","description":"At Expert Education Australia, we continuously strive to provide credible and trustworthy counselling to students from all over the world to help them further their academic and professional growth.","robots":{"index":"index","follow":"follow","max-snippet":"max-snippet:-1","max-image-preview":"max-image-preview:large","max-video-preview":"max-video-preview:-1"},"canonical":"https:\/\/experteducation.com\/vietnam\/gioi-thieu\/thong-diep-tu-giam-doc-dieu-hanh\/","og_locale":"en_US","og_type":"article","og_title":"Th\u00f4ng \u0110i\u1ec7p T\u1eeb Gi\u00e1m \u0110\u1ed1c \u0110i\u1ec1u H\u00e0nh","og_description":"At Expert Education Australia, we continuously strive to provide credible and trustworthy counselling to students from all over the world to help them further their academic and professional growth.","og_url":"https:\/\/experteducation.com\/vietnam\/gioi-thieu\/thong-diep-tu-giam-doc-dieu-hanh\/","og_site_name":"Expert Education","article_publisher":"https:\/\/www.facebook.com\/EEVSVietNam1","article_modified_time":"2025-11-30T09:09:03+00:00","og_image":[{"width":3771,"height":1116,"url":"https:\/\/cdn.experteducation.com\/wp-content\/uploads\/sites\/12\/2021\/03\/20144234\/Expert-Logo_Primary-Logo-1-e1615515117209.png","type":"image\/png"}],"twitter_card":"summary_large_image","twitter_misc":{"Est. reading time":"2 minutes"},"schema":{"@context":"https:\/\/schema.org","@graph":[{"@type":"WebPage","@id":"https:\/\/experteducation.com\/vietnam\/gioi-thieu\/thong-diep-tu-giam-doc-dieu-hanh\/","url":"https:\/\/experteducation.com\/vietnam\/gioi-thieu\/thong-diep-tu-giam-doc-dieu-hanh\/","name":"Message from Director - Expert Education","isPartOf":{"@id":"https:\/\/experteducation.com\/vietnam\/#website"},"datePublished":"2020-07-12T14:18:40+00:00","dateModified":"2025-11-30T09:09:03+00:00","description":"At Expert Education Australia, we continuously strive to provide credible and trustworthy counselling to students from all over the world to help them further their academic and professional growth.","breadcrumb":{"@id":"https:\/\/experteducation.com\/vietnam\/gioi-thieu\/thong-diep-tu-giam-doc-dieu-hanh\/#breadcrumb"},"inLanguage":"en-US","potentialAction":[{"@type":"ReadAction","target":["https:\/\/experteducation.com\/vietnam\/gioi-thieu\/thong-diep-tu-giam-doc-dieu-hanh\/"]}]},{"@type":"BreadcrumbList","@id":"https:\/\/experteducation.com\/vietnam\/gioi-thieu\/thong-diep-tu-giam-doc-dieu-hanh\/#breadcrumb","itemListElement":[{"@type":"ListItem","position":1,"name":"Home","item":"https:\/\/experteducation.com\/vietnam\/"},{"@type":"ListItem","position":2,"name":"Gi\u1edbi thi\u1ec7u","item":"https:\/\/experteducation.com\/vietnam\/gioi-thieu\/"},{"@type":"ListItem","position":3,"name":"Th\u00f4ng \u0110i\u1ec7p T\u1eeb Gi\u00e1m \u0110\u1ed1c \u0110i\u1ec1u H\u00e0nh"}]},{"@type":"WebSite","@id":"https:\/\/experteducation.com\/vietnam\/#website","url":"https:\/\/experteducation.com\/vietnam\/","name":"Expert Education","description":"Rely on Experts","publisher":{"@id":"https:\/\/experteducation.com\/vietnam\/#organization"},"potentialAction":[{"@type":"SearchAction","target":{"@type":"EntryPoint","urlTemplate":"https:\/\/experteducation.com\/vietnam\/?s={search_term_string}"},"query-input":{"@type":"PropertyValueSpecification","valueRequired":true,"valueName":"search_term_string"}}],"inLanguage":"en-US"},{"@type":"Organization","@id":"https:\/\/experteducation.com\/vietnam\/#organization","name":"Expert Education and Visa Services","url":"https:\/\/experteducation.com\/vietnam\/","logo":{"@type":"ImageObject","inLanguage":"en-US","@id":"https:\/\/experteducation.com\/vietnam\/#\/schema\/logo\/image\/","url":"https:\/\/experteducation.com\/vietnam\/wp-content\/uploads\/sites\/12\/2021\/05\/Expert_Primary-Logo-e1615787957750-3.png","contentUrl":"https:\/\/experteducation.com\/vietnam\/wp-content\/uploads\/sites\/12\/2021\/05\/Expert_Primary-Logo-e1615787957750-3.png","width":1200,"height":346,"caption":"Expert Education and Visa Services"},"image":{"@id":"https:\/\/experteducation.com\/vietnam\/#\/schema\/logo\/image\/"},"sameAs":["https:\/\/www.facebook.com\/EEVSVietNam1","https:\/\/www.instagram.com\/eevsvietnam\/","https:\/\/www.linkedin.com\/company\/eevsvietnam\/","https:\/\/www.youtube.com\/@eevsvietnam","https:\/\/www.tiktok.com\/@eevsvietnam"]}]}},"jetpack_sharing_enabled":true,"_links":{"self":[{"href":"https:\/\/experteducation.com\/vietnam\/wp-json\/wp\/v2\/pages\/14134"}],"collection":[{"href":"https:\/\/experteducation.com\/vietnam\/wp-json\/wp\/v2\/pages"}],"about":[{"href":"https:\/\/experteducation.com\/vietnam\/wp-json\/wp\/v2\/types\/page"}],"author":[{"embeddable":true,"href":"https:\/\/experteducation.com\/vietnam\/wp-json\/wp\/v2\/users\/1"}],"replies":[{"embeddable":true,"href":"https:\/\/experteducation.com\/vietnam\/wp-json\/wp\/v2\/comments?post=14134"}],"version-history":[{"count":4,"href":"https:\/\/experteducation.com\/vietnam\/wp-json\/wp\/v2\/pages\/14134\/revisions"}],"predecessor-version":[{"id":23521,"href":"https:\/\/experteducation.com\/vietnam\/wp-json\/wp\/v2\/pages\/14134\/revisions\/23521"}],"up":[{"embeddable":true,"href":"https:\/\/experteducation.com\/vietnam\/wp-json\/wp\/v2\/pages\/6669"}],"wp:attachment":[{"href":"https:\/\/experteducation.com\/vietnam\/wp-json\/wp\/v2\/media?parent=14134"}],"curies":[{"name":"wp","href":"https:\/\/api.w.org\/{rel}","templated":true}]}}